et x(t) = -t**3 + t**2 - t + 14. Let m be x(r). Suppose 0*u + m = 2*u. What is the units digit of u?
7
Suppose -8 = -d - 3*d. Let p(z) = -2*z + 13*z - 3*z**d + 0*z**2 - 1 + 2*z**2. What is the units digit of p(10)?
9
Suppose 5*m = -4*y + 20, -y - y - 2*m = -8. Suppose y = 4*h - 5*h. What is the units digit of (2 - h) + 2 + 2?
6
Suppose 0 = -4*o + 6*o - 88. What is the units digit of o?
4
Let d(k) = -k**3 - 7*k**2 - 7*k + 4. Let g be d(-6). Suppose 3*z - g = 2. What is the units digit of z?
4
Let a be 6/((-1*3)/(-3)). Let p be a/(-21) + 16/7. Suppose -p*g + 0 + 4 = 0. What is the units digit of g?
2
Let a(u) = 2*u + 37. What is the units digit of a(0)?
7
Let p = 1 + -2. Let k = p - -4. Suppose -2*v + 3*j + 18 = 2*v, -k*v = 5*j + 1. What is the units digit of v?
3
What is the units digit of 0 - (-3 + (-1 - -2))?
2
Let k(i) = i + 7. What is the units digit of k(-2)?
5
Let h(c) = -4*c + 3. Let f be h(-3). Suppose 29 = 4*g - f. What is the units digit of g?
1
Let h(x) = 2*x**2 + 2*x - 22. What is the tens digit of h(-9)?
2
Suppose 0*a = 3*a + 12. Suppose 4*i - 28 + 4 = 0. What is the units digit of (-1 - 2)/(i/a)?
2
Let b(s) = -8*s**3 - s**2 + s + 1. Suppose -2*d - 3*a = -2*a + 7, d = 2*a + 9. What is the units digit of b(d)?
7
Let a be -10*-3*(-6)/9. Let s = -6 - a. What is the units digit of s?
4
Let v = 20 + 69. What is the units digit of v?
9
Suppose -x - 3*x = -l + 18, 4*x = -20. Let z(j) = -3*j**3 - 4*j**2 - 3*j - 1. What is the tens digit of z(l)?
1
Suppose 5*w + w = 240. What is the units digit of w?
0
Suppose 3*n - 552 = -9*n. What is the tens digit of n?
4
Suppose -2*b - 2*b + 12 = 0. Suppose b*k - 67 - 20 = 0. What is the tens digit of k?
2
Suppose 0 = -4*d - 34 - 46. What is the tens digit of (-204)/d + (-2)/10?
1
Suppose -6*z + z = -210. What is the tens digit of z?
4
Suppose 3*x = -4*g - 2*x - 24, g - 3*x = -6. Let d be 2/((-3)/((-27)/g)). Let f(u) = -u**3 - 2*u**2 - u. What is the tens digit of f(d)?
1
Let l(j) = -j**3 + 4*j + 8. What is the tens digit of l(-4)?
5
Let b = 853 + -514. What is the tens digit of b?
3
Suppose 4*t + 32 + 16 = w, -w = -5*t - 53. What is the units digit of w?
8
Let t = -56 + 182. What is the hundreds digit of t?
1
Let c(d) = d**2 + 3*d - 3. Let o be c(-4). Suppose -32 = 4*a - 8. Let b = o - a. What is the units digit of b?
7
Let q(f) = 3 - f**2 - 4*f + 5 + 3*f. Let i(v) = v - 2. Let l be i(2). What is the units digit of q(l)?
8
What is the tens digit of (-7)/5 + 1 - 801/(-15)?
5
Suppose 2*g + 2*d = -8, -2*g + 0*d + 27 = -5*d. What is the units digit of (1 + g)*(-1 + 5)?
8
Let m(l) be the second derivative of l**3/2 - 15*l**2/2 - 7*l. What is the units digit of m(9)?
2
Let i = 50 + -26. Suppose k - 5*z = -z + 17, 3*z = 3*k - i. Suppose 0*w - k*w + 50 = 0. What is the tens digit of w?
1
Let i be 10 + -7 - (-1 - -2). Suppose -21 = x - i*x. What is the units digit of x?
1
Let m be ((-8)/(-10))/((-4)/80). Let z = m + 23. What is the units digit of z?
7
Suppose -126 = -2*x - x + 3*i, 2*x = 3*i + 87. What is the units digit of x?
9
Let l = -24 - -15. What is the units digit of (l*10)/(-3) + -2?
8
Let c = -11 - -15. Suppose 3 = 2*b + 3*m + c, -m = -b + 7. What is the units digit of b?
4
Let s(v) be the first derivative of -v**4/4 + 8*v**3/3 - 3*v**2 - 9*v - 4. Let l be s(7). What is the units digit of 56/12*(-3)/l?
7
Let j be 120/21 + (-4)/(-14). Let m(p) be the second derivative of p**5/20 - 7*p**4/12 + p**3 + 4*p**2 + 8*p. What is the units digit of m(j)?
8
Suppose 2*u = -3 - 41. Let l = 10 + u. What is the units digit of (-39)/l - 2/8?
3
What is the units digit of 12*(44/8 - 3)?
0
Let p(d) be the second derivative of -d**5/20 - d**4/4 + d**3/3 + d**2 + 2*d. Let f = 2 - 6. What is the units digit of p(f)?
0
Suppose -u = 4*s - 71, 0*s = -2*u + 4*s + 178. What is the tens digit of u?
8
Suppose -4*q + 5 + 3 = 0. Let x(u) = 0 - 2*u + 3 + 6*u - u**3 + u**q. What is the units digit of x(-2)?
7
Let u(z) = -z - 6. Let o be u(-6). Suppose o = -3*v - 2*f + 12, 0*v + 8 = v + 2*f. Suppose -v = -d + 15. What is the tens digit of d?
1
Suppose -3*h - 4*l = -18, -3*l = -4*h + l - 4. Suppose -5*b = -r - 79, -h*r + 52 = 2*b + 2*b. What is the units digit of b?
5
Suppose 4*v - 191 = -l, v + l - 44 = -0*v. What is the tens digit of v?
4
Let p = 5 - 4. Let n be (-5 + 0 + p)/(-2). What is the units digit of (n/2)/((-2)/(-24))?
2
Let m = -93 + 195. What is the units digit of m?
2
Let x(d) = d**2 + 6*d + 9. Suppose 4*z + 14 = -q, 3*q - 26 = -2*q + 4*z. Let r be (-3 - q)*(-18)/(-15). What is the units digit of x(r)?
9
Let j(c) = 2*c**2 + 7*c - 5. What is the hundreds digit of j(6)?
1
Let b(v) = 2*v**2 + v. Let q be b(1). What is the units digit of q + -1 - 2 - -7?
7
Let v be ((-6)/4)/((-12)/64). Let t be (6/(-4))/((-6)/v). What is the units digit of (t/1)/(1*2)?
1
Let t(o) = 4*o**2 + 6*o + 4. Let s = -17 - -13. What is the tens digit of t(s)?
4
Suppose -2*h = -3*w - 13, 3*h + 5*w = 2*w - 3. What is the units digit of h?
2
Suppose -5*c = -x + 14, -4*c = -4*x - 0*c + 8. Let i(u) = u**3 + 3*u**2 - 1. What is the units digit of i(x)?
1
Let h(c) = -c**2 + 1 + 4*c + 0*c**2 + 0*c**2. Let m be h(3). Suppose -m*s + 8 + 8 = 0. What is the units digit of s?
4
Let d = -10 + 14. Suppose -z + 2 = -d*i - 12, 4*z + 1 = -3*i. Suppose -29 = -c - 5*h, 33 = 5*c - z*c - 3*h. What is the tens digit of c?
1
Suppose 3*v + 23 = 191. What is the tens digit of v?
5
What is the tens digit of (380/25)/(5/25)?
7
Suppose 0 = -s + 4*s + 3. Let a = 7 - 4. What is the units digit of (-10)/(-3) + s/a?
3
Let m(k) = -k**2 - 19*k - 10. Let p(i) = i**2 + 29*i + 15. Let y(l) = -8*m(l) - 5*p(l). What is the tens digit of y(-4)?
2
Suppose -75 = -10*h + 155. What is the units digit of h?
3
Let w(r) be the third derivative of -r**4/4 - 2*r**3/3 + 8*r**2. What is the tens digit of w(-4)?
2
Let q = 3 - 6. Let o = q + 3. Suppose 5*k = -o + 5, -2*k - 1 = -3*l. What is the units digit of l?
1
Suppose -5*v - 13 = -53. What is the units digit of v?
8
Suppose w - c = 15, 7*c - 3*c = -w - 10. What is the tens digit of w?
1
What is the tens digit of 4941/21 - 12/42?
3
Suppose w + 4 = -2*c, -5*c + w - 5*w = 10. What is the units digit of (-3 - c)/((-1)/18)?
8
Let q(c) = -2*c + 14. What is the units digit of q(-7)?
8
Suppose 4*p - 416 = 456. What is the tens digit of p?
1
Suppose 0 = -2*h - 3*h. Suppose -c = -h*c - 5. Suppose -17 = 2*j - 0*j + c*o, 4*j - 41 = 5*o. What is the units digit of j?
4
Suppose 4*h - 37 = 407. Suppose 3*c - h = 81. Suppose 19 = -5*x + c. What is the units digit of x?
9
Suppose -2*k + 2*q = q - 25, 3*k = -5*q + 5. Suppose v + 3*f - k = 0, 2*f + 3 + 1 = 2*v. Suppose -12 = -v*a + 16. What is the units digit of a?
7
What is the hundreds digit of ((-277)/(-1) - 4)/(1 - 0)?
2
Suppose 4*v - 3*v = 26. What is the units digit of v?
6
What is the units digit of (-2 - (-74)/(-2))*12/(-36)?
3
Let s be (-7 + 4/4)/1. Let u = s - -27. What is the units digit of u?
1
Let x(h) = 7*h**2 - 4*h + 10. Let y(c) = -20*c**2 + 12*c - 29. Let t(u) = -17*x(u) - 6*y(u). Let n be t(4). Suppose b + n = 11. What is the units digit of b?
7
Let m = -15 + 35. What is the units digit of m?
0
Suppose d = -4*n + 112 + 30, 3*d = 2*n + 384. What is the hundreds digit of d?
1
Let d be 1/((15/9)/5). Suppose 5*g - 57 = d*x, -x + 2*x = -4*g + 49. What is the tens digit of g?
1
Let m be (-8)/10*(5 + 0). What is the units digit of 1/m - (-245)/20?
2
Suppose 3*p - 30 = -9. Let k = p + -4. Suppose -n = k*n - 24. What is the units digit of n?
6
Suppose -6 = -3*u + 18. What is the units digit of u?
8
Let d(v) = v**2 - 7*v - 4. Let x be d(8). Suppose -3*y = x*l - 72, 48 = 2*y + l + l. What is the units digit of y?
4
What is the units digit of 24/2*(-10)/(-8)?
5
Suppose -2*x + 88 = 5*k - 30, 200 = 4*x + k. What is the tens digit of x?
4
Let t = -38 + 28. What is the units digit of (-84)/t - 4/10?
8
Suppose o + o - 10 = 0. Let t = o - 0. What is the units digit of t?
5
Let n(k) = 3*k - 9. Let t be n(-9). Let p = t + 57. What is the tens digit of p?
2
Suppose -r = -4*x + 24, -4*r = 5*x - r - 47. What is the units digit of x?
7
Let p = 5 - -12. Let h(b) = 2*b**3 - 9*b**2 + 2*b + 3. Let u be h(4). Let g = u + p. What is the tens digit of g?
1
Suppose -k = 2*b - 21 - 6, 0 = 2*b - 10. What is the units digit of k?
7
S